 = 28. What is the units digit of s?
3
Suppose 3*c - 10 = 5*t, 3*c - 5*t = 7*c - 25. Suppose -3*n + 6 = -39. Suppose 5*y = c + n. What is the units digit of y?
4
Let u(r) = r**3 - 11*r**2 + 61*r - 39. What is the hundreds digit of u(13)?
0
Let q(u) = 14*u**2 + u. Let r be q(-1). Let p(c) = -2*c + 15. Let l be p(r). What is the tens digit of (-1275)/(-55) + 2/l?
2
Let z = -129 - -194. Let n = 146 - z. What is the units digit of n?
1
Let i(q) = q**3 + 36*q**2 - 53*q + 17. What is the hundreds digit of i(-37)?
6
Let t = 112 + -67. Suppose 3*a - 174 = t. Let r = a - 42. What is the tens digit of r?
3
Let v(g) = -g**2 + 4*g - 5. Let i be v(3). What is the tens digit of -1*364/4*i?
8
Let f(s) = -104*s + 143. What is the tens digit of f(-6)?
6
Suppose 0 = -4*v, 19 = -x - 5*v + 4*v. Let a = 28 + x. Let i = a + -5. What is the units digit of i?
4
What is the tens digit of 10 - (-10 + -39*85)?
3
Suppose 5*t - 3*i + 9 = 3, -4*t - 6 = -3*i. Suppose t = 4*p - 5*r - 815, 3*p + 5*r - 311 - 344 = 0. What is the hundreds digit of p?
2
Let j = -569 - -1108. What is the tens digit of j?
3
Suppose m = -y + 3533, 3*m - 4*y - y = 10615. What is the units digit of m?
5
What is the units digit of ((-4)/12)/((-1)/6)?
2
Let s(a) = -2*a - 10 - a - 2*a + 3*a**2. Let x be s(-7). Suppose -5*w + x = -w. What is the tens digit of w?
4
Let c = 1035 - 594. What is the tens digit of c?
4
Let j be 1/1*(-2 - 263). Let a = -167 - j. What is the units digit of a?
8
What is the hundreds digit of ((-1108)/20 - -7)*-10?
4
Suppose -7*j + 1231 = -204. What is the hundreds digit of j?
2
Suppose 3*k = -4*g + 17, 4*g + 17 = 2*k + g. Let r(b) = b**3 - 7*b**2 - b + 2. Let h be r(k). Let t(l) = 2*l**2 + 7*l + 4. What is the tens digit of t(h)?
1
Suppose -3*b = b - 8. Let l be (114/b - 2) + -3. Suppose l = -4*n + 132. What is the tens digit of n?
2
Let x = 1147 - 606. What is the hundreds digit of x?
5
Suppose -252 - 57 = -3*y. Let z = y + -53. Suppose -k + 5*c = -z, -k + 11 = -c - 19. What is the tens digit of k?
2
Suppose -m = -8 - 1. Let q(t) = t**3 - 3*t + 2*t + 3 - m + 0*t + 10*t**2. What is the units digit of q(-10)?
4
Let t(p) be the second derivative of 5*p**4/12 + p**3/2 - 3*p**2/2 + 23*p. What is the tens digit of t(-4)?
6
Suppose 2*a + 162 + 281 = 3*p, 5*p + 3*a = 770. Let t(h) = -5*h**2 + 11*h + 24. Let j be t(-4). Let v = p + j. What is the tens digit of v?
5
Let f = -14 - -12. Let u be f/(-5) + (-233)/(-5). Suppose 2*i - 1 = u. What is the tens digit of i?
2
Let j be (6/(-1))/((-2)/12). Suppose j = 4*d - 6*d. Let g = d + 24. What is the units digit of g?
6
Suppose 4*p + 5*c = -47, 0 = -4*p + 3*c + c - 20. Let d be 1/((-3 - -4)/p). Let g(a) = a**3 + 9*a**2 + 6*a + 11. What is the units digit of g(d)?
7
Let g be ((-2)/(-2))/((-3)/129). Let f = g - -97. What is the tens digit of f?
5
Let k = -408 + 1661. What is the hundreds digit of k?
2
Suppose 14*f - 17*f = 126. Let u = f - -76. What is the tens digit of u?
3
Let y be (1 - 2)*(1 - -62). Let p be y/(-2) - 10/20. Suppose p + 10 = a - c, -2*a + 57 = 3*c. What is the tens digit of a?
3
Suppose 3*r - 396 = -4*c + r, 297 = 3*c - 5*r. Suppose 5*o - c = 1. What is the units digit of o?
0
Let i(x) = -2*x**2 + 11*x - 8. Let h(o) = o**3 - o**2 - 8. Let d be h(0). Let u = d + 12. What is the units digit of i(u)?
4
Let b = 239 - -717. What is the tens digit of b?
5
What is the tens digit of (265/(-20) + 0)*(-3 - 1)?
5
Let v be (1434/6)/1 - -1*1. Let i = v + -110. What is the hundreds digit of i?
1
Let b(f) = -f**3 - 18*f**2 - 17*f + 6. Let i be b(-17). Suppose y + 7 = i. What is the units digit of y*14*(-4)/8?
7
Let f(k) = k + 1. Let u be (-10)/(-25) + (-24)/(-15). Suppose 4*s - 2*d = -d + 10, -5*s + u*d = -11. What is the units digit of f(s)?
4
What is the hundreds digit of (-1332)/(-84)*7*(7 + 1)?
8
Let u(g) = 40*g**2 + 4*g + 3. Let h(l) = -120*l**2 - 11*l - 8. Let s(v) = -4*h(v) - 11*u(v). Let a be s(-1). Let o = a + -27. What is the units digit of o?
2
Let u = 203 + 181. What is the units digit of u?
4
Let z(n) = -n**3 - 27*n**2 - 5*n - 32. What is the tens digit of z(-27)?
0
Let z = -915 + 2003. What is the thousands digit of z?
1
Let d(g) = 2*g**2 + 8*g + 5. Let f be d(-4). Let p(o) = -o**3 + 6*o**2 + 3*o + 5. What is the units digit of p(f)?
5
Suppose -3*i + 1205 = -187. What is the tens digit of i?
6
Let i(o) = -2*o**2 + 119*o + 45. What is the hundreds digit of i(40)?
6
Suppose 0 = p - 0*p + 35. Let l = -23 - p. What is the units digit of l/4 - -5*5?
8
Let c(t) = -t**2 + 11*t + 18. Let y(b) = b**2 - 12*b - 18. Let g(k) = -5*c(k) - 4*y(k). What is the units digit of g(11)?
6
Suppose -3*o + 212 = 2*f - 0*f, -116 = -2*o + 5*f. Suppose i = 2, 2*i + o = 4*v - v. What is the tens digit of v?
2
Let t = 7 - 4. Suppose 92 = d + t*m, -2*d - 6*m + 184 = -m. What is the tens digit of (-2 - -1)/((-2)/d)?
4
Let n(o) = o**3 + o**2 - 2*o - 2. Let j be n(-1). Suppose -3*y = 3*s - 15, -2*s - 2*s + 3*y + 41 = j. What is the units digit of s?
8
Let y(l) = 5*l**3 + 3*l**2 - l + 6. Let c(w) = 9*w**3 + 7*w**2 - w + 12. Suppose -18 = 4*u - 6. Let p(s) = u*c(s) + 5*y(s). What is the units digit of p(-4)?
4
Let q = 1132 + -448. What is the units digit of q?
4
Let n = -719 - -1362. What is the tens digit of n?
4
Let z = -412 - -2558. What is the tens digit of z?
4
Suppose 293*m - 298*m = -11945. What is the tens digit of m?
8
Let p = 38 - 36. Suppose 0 - 18 = -p*t. What is the units digit of t?
9
Let k(v) be the third derivative of v**4/8 + 5*v**3/3 - 8*v**2. Let r be k(-3). Let h(x) = 44*x**3. What is the units digit of h(r)?
4
Let p be ((-4)/12)/((-1)/(-9)). Let s be 0 - p/(-3) - 5. What is the tens digit of (s/12)/((-2)/56)?
1
Let n be ((-348)/15)/(7/(-35)). Let a(k) = 3*k**2 + 5*k - 6. Let s be a(5). Suppose 5*d - s = n. What is the tens digit of d?
4
Suppose -r + 803 + 226 = 0. What is the tens digit of r?
2
Let f = 1 + 10. Let a(s) = s**2 - 10. What is the units digit of a(f)?
1
Let f(c) = -c - 5. Let y be f(-6). Let t(p) = -3*p**2 + 2*p - 3. Let m(g) = -1. Let l(z) = 2*m(z) - t(z). What is the units digit of l(y)?
2
Let i(a) = 33*a**2 + a - 2. Suppose -4*t - 10 = -14. What is the tens digit of i(t)?
3
Suppose -4*v + 265 = -8171. What is the thousands digit of v?
2
Let t(n) = 50*n + 35. Let b(o) = 10*o + 7. Let l(g) = -11*b(g) + 2*t(g). Let i(q) = -11*q - 8. Let w(m) = -4*i(m) + 5*l(m). What is the units digit of w(-2)?
9
Let n = 556 + -252. Suppose -n = -6*c + 2*c. Suppose -d = 3*d - c. What is the units digit of d?
9
Suppose -33*j + 69720 = 9*j. What is the hundreds digit of j?
6
Suppose -4254 - 3726 = -5*u. What is the hundreds digit of u?
5
Let t(a) = -154*a**3 + a**2 + 13*a - 8. What is the tens digit of t(-3)?
2
Suppose 236 - 3750 = -2*d. What is the units digit of d?
7
Let o(h) = 10*h + 2. Suppose -4*f = l + 21, 5*f + 3 = 2*l - 7. Let b be ((-36)/45)/(2/l). What is the tens digit of o(b)?
2
Suppose j - 2*j + 2*m = 30, -5*j = 3*m + 189. What is the tens digit of (-143)/(-26)*(2 - j)?
0
Let g(d) = -31 + d + 13 + 11*d - 24. What is the units digit of g(7)?
2
Let p(v) = 3*v**2 - 6*v + 5. Suppose -5*t + 17 + 16 = -2*d, 3*d = 5*t - 32. What is the units digit of p(t)?
0
Let y(w) = -w**3 - 6*w**2 + 4 - w + 1 + 0*w**3 - 12. Let z be y(-6). What is the tens digit of (-1)/((-9)/(-10) + z)?
1
Let l(s) = -28*s**3 - 5*s**2 - 2*s + 11. What is the units digit of l(-4)?
1
Suppose 18766 = -106*w + 634626. What is the tens digit of w?
1
Suppose 166 + 10 = 2*f - 2*l, 188 = 2*f - 5*l. Let n = f - 38. What is the units digit of n?
6
Let p(j) = 4*j - 15. Suppose 0*x + 5*x + 4*h = 166, 0 = x + 4*h - 30. Let w = -27 + x. What is the tens digit of p(w)?
1
Let u be 22/(-33)*(-161 + -1). What is the tens digit of (-60)/(-18)*u/15?
2
Let l be (-3 - 8)/(1/5). Let h = l - -104. What is the tens digit of h?
4
Suppose 2*k - 5*h + 4 + 22 = 0, k + 7 = h. Let t(u) = 4*u**3 - 3*u**2 - 3*u. Let x be t(k). What is the units digit of -5*(x/(-10))/(-3)?
1
Let f(j) be the third derivative of j**6/60 + j**5/10 - 5*j**4/24 + 2*j**3 - 44*j**2. What is the hundreds digit of f(4)?
2
Let a be 6/21 - 24/(-14). Let p be 0 + 1 + a + -1. Suppose k + p*x = 11, 3*k - 12 = -x + 2*x. What is the units digit of k?
5
Let g(x) = x - 2. Let l be g(-2). What is the units digit of -3 + 84 + l + (-4)/2